e
Is 149 a factor of 1996451?
True
Does 576 divide 10244074?
False
Is 884030 a multiple of 511?
True
Is 52 a factor of 1749250?
False
Is 240622 a multiple of 62?
True
Is 7078036 a multiple of 65?
False
Is 114912 a multiple of 399?
True
Is 52 a factor of 1863718?
False
Is 122388 a multiple of 124?
True
Is 6758 a multiple of 3?
False
Is 72 a factor of 5371416?
True
Is 3224301 a multiple of 249?
True
Is 218805 a multiple of 435?
True
Is 15 a factor of 187511?
False
Is 840588 a multiple of 19?
False
Is 197996 even?
True
Is 19 a factor of 647039?
False
Does 12 divide 242052?
True
Is 2 a factor of 75584?
True
Is 118660 even?
True
Is 509452 a multiple of 645?
False
Does 184 divide 83168?
True
Is 274 a factor of 774324?
True
Is 199796 a multiple of 13?
False
Does 21 divide 2150721?
False
Is 9 a factor of 158484?
False
Is 27382 a multiple of 4?
False
Does 45 divide 27315?
True
Does 240 divide 122400?
True
Is 7 a factor of 248010?
True
Does 35 divide 1994513?
False
Is 801 a factor of 623601?
False
Does 347 divide 7022924?
False
Does 12 divide 696264?
True
Is 3156408 a multiple of 108?
True
Is 944242 a multiple of 40?
False
Does 185 divide 1245050?
True
Does 3 divide 84443?
False
Is 646074 a multiple of 53?
False
Is 48 a factor of 13796880?
True
Does 617 divide 861949?
True
Is 870091 a multiple of 18?
False
Is 904128 a multiple of 554?
True
Does 101 divide 28482?
True
Is 2291 a factor of 11695555?
True
Is 160301 a multiple of 7?
False
Is 5 a factor of 46930?
True
Is 1236 a factor of 1527696?
True
Is 20 a factor of 64855?
False
Is 32 a factor of 121984?
True
Does 59 divide 197355?
True
Does 272 divide 729504?
True
Does 34 divide 1211531?
False
Is 9338756 a multiple of 413?
True
Is 35 a factor of 503020?
True
Is 20 a factor of 153680?
True
Is 52092 a multiple of 36?
True
Does 83 divide 3083916?
False
Does 5 divide 827441?
False
Is 25 a factor of 234902?
False
Is 31 a factor of 27063?
True
Is 75 a factor of 236517?
False
Is 461 a factor of 30969?
False
Is 1547633 a multiple of 173?
False
Is 54821 a multiple of 6?
False
Is 203888 a multiple of 16?
True
Does 16 divide 7199376?
True
Is 78451 even?
False
Does 283 divide 448272?
True
Does 24 divide 2849581?
False
Is 5 a factor of 711164?
False
Is 312201 a multiple of 12?
False
Does 2 divide 26508?
True
Does 16 divide 61824?
True
Does 155 divide 771121?
False
Does 724 divide 45591?
False
Does 305 divide 242922?
False
Is 80229 a multiple of 214?
False
Does 7 divide 727629?
True
Is 8 a factor of 23213?
False
Is 420047 a multiple of 55?
False
Is 633 a factor of 368835?
False
Is 396889 a multiple of 105?
False
Does 9 divide 324567?
True
Does 15 divide 5630337?
False
Does 801 divide 3566052?
True
Is 18 a factor of 5749470?
True
Is 12 a factor of 2878561?
False
Is 159692 a multiple of 166?
True
Is 44700 a multiple of 75?
True
Is 68 a factor of 56644?
True
Does 9 divide 114642?
True
Does 12 divide 1848?
True
Does 289 divide 1588490?
False
Is 1215864 a multiple of 1299?
True
Does 908 divide 1610071?
False
Does 5 divide 2492095?
True
Does 28 divide 3220971?
False
Is 72206 a multiple of 158?
True
Is 833133 a multiple of 291?
True
Is 1471335 a multiple of 44?
False
Is 1705440 a multiple of 76?
True
Does 711 divide 78756?
False
Does 2 divide 817?
False
Is 1884 a multiple of 6?
True
Is 204726 a multiple of 298?
True
Is 98 a factor of 41846?
True
Is 14 a factor of 288405?
False
Is 3 a factor of 7596?
True
Does 37 divide 1070909?
False
Is 17 a factor of 7116463?
False
Does 44 divide 102572?
False
Is 71253 a multiple of 117?
True
Is 2989971 a multiple of 8?
False
Does 13 divide 580102?
False
Does 361 divide 488959?
False
Is 9 a factor of 5002569?
True
Does 27 divide 879341?
False
Is 7590240 a multiple of 9?
True
Is 56785 a multiple of 7?
False
Is 18 a factor of 14243849?
False
Does 231 divide 6904862?
False
Does 9 divide 1716552?
True
Is 13 a factor of 84025?
False
Does 17 divide 33150?
True
Is 23 a factor of 1477083?
True
Is 24 a factor of 58065?
False
Is 17 a factor of 11997837?
False
Does 3 divide 128895?
True
Does 9 divide 1174927?
False
Is 38 a factor of 4277888?
True
Is 58 a factor of 553842?
True
Is 19544 a multiple of 55?
False
Is 219 a factor of 1067406?
True
Does 78 divide 30043?
False
Is 10920 a multiple of 21?
True
Is 27 a factor of 45031?
False
Does 8 divide 43110?
False
Is 7 a factor of 1591085?
False
Is 19 a factor of 46261?
False
Is 251808 a multiple of 13?
False
Does 80 divide 838331?
False
Is 365 a factor of 8654880?
True
Does 57 divide 417191?
False
Is 1040860 a multiple of 355?
True
Is 274 a factor of 3687988?
False
Is 4251747 a multiple of 16?
False
Is 33 a factor of 119724?
True
Is 424 a factor of 84847?
False
Is 68607 a multiple of 3?
True
Does 86 divide 677938?
True
Is 3 a factor of 48291?
True
Is 8500 a multiple of 5?
True
Is 545983 a multiple of 91?
False
Does 58 divide 141208?
False
Is 373247 a multiple of 497?
True
Is 16 a factor of 7768384?
True
Is 202 a factor of 1945734?
False
Does 25 divide 624875?
True
Is 14 a factor of 1221486?
True
Does 10 divide 716962?
False
Is 39951 a multiple of 29?
False
Does 20 divide 138382?
False
Is 42 a factor of 1823?
False
Is 93 a factor of 1322553?
True
Is 527401 a multiple of 8?
False
Is 120391 a multiple of 91?
False
Is 272376 a multiple of 351?
True
Is 1150260 a multiple of 18?
False
Is 17844 a multiple of 2?
True
Does 1070 divide 2027679?
False
Does 289 divide 177056?
False
Does 4 divide 1237788?
True
Is 13 a factor of 318058?
True
Is 23 a factor of 817535?
True
Does 56 divide 3450205?
False
Is 2 a factor of 10484?
True
Is 1548902 a multiple of 206?
False
Is 1302912 a multiple of 58?
True
Does 897 divide 5783856?
True
Does 25 divide 1030350?
True
Is 313884 even?
True
Does 173 divide 41703?
False
Is 1314 a factor of 3783006?
True
Is 49590 a multiple of 90?
True
Is 7 a factor of 168700?
True
Does 98 divide 4965797?
False
Does 52 divide 33436?
True
Is 17 a factor of 12149305?
True
Does 8 divide 1797075?
False
Does 528 divide 104016?
True
Is 7001121 a multiple of 817?
False
Does 44 divide 134420?
True
Is 366 a factor of 7109774?
False
Is 1056869 a multiple of 17?
False
Is 296 a factor of 7664148?
False
Is 610972 a multiple of 29?
True
Does 8 divide 11097160?
True
Is 215760 a multiple of 40?
True
Is 461 a factor of 3716582?
True
Is 343 a factor of 229911?
False
Is 175 a factor of 16365?
False
Is 704933 a multiple of 16?
False
Does 21 divide 793935?
False
Does 4 divide 21952?
True
Is 460 a factor of 859200?
False
Is 6 a factor of 39629?
False
Is 863770 a multiple of 17?
True
Does 283 divide 306463?
False
Is 88 a factor of 382624?
True
Is 12 a factor of 252252?
True
Is 278569 a multiple of 27?
False
Is 813154 a multiple of 6?
False
Is 33843 a multiple of 41?
False
Does 74 divide 153070?
False
Is 799470 a multiple of 35?
True
Is 100 a factor of 2270600?
True
Does 6 divide 202279?
False
Is 3257574 a multiple of 51?
True
Is 284 a factor of 182612?
True
Is 4412104 a multiple of 34?
False
Does 222 divide 3844762?
False
Is 88585 a multiple of 35?
True
Does 35 divide 5276294?
False
Is 207524 a multiple of 29?
True
Is 1089455 a multiple of 7?
False
Does 22 divide 754226?
True
Does 43 divide 1978976?
False
Does 5 divide 1025?
True
Does 196 divide 351058?
False
Is 1332 a factor of 11824164?
True
Is 9724 a multiple of 68?
True
Is 129924 a multiple of 27?
True
Does 556 divide 638861?
False
Is 131 a factor of 3716943?
False
Does 17 divide 597550?
True
Does 550 divide 5650259?
False
Is 174581 a multiple of 130?
False
Does 22 divide 212030?
False
Does 766 divide 1198790?
True
Is 217168 a multiple of 43?
False
Does 632 divide 1421354?
False
Is 3237841 a multiple of 107?
False
Does 12 divide 373463?
False
Is 2 a factor of 77243?
False
Is 27585372 a multiple of 23?
True
Is 8 a factor of 321784?
True
Is 12 a factor of 336?
True
Is 248 a factor of 157480?
True
Does 6 divide 140670?
True
Is 46 a factor of 3096431?
False
Is 6 a factor of 30572?
False
Is 244285 a multiple of 95?
False
Is 47 a factor of 10847?
False
Is 183430 a multiple of 130?
True
Is 10 a factor of 345910?
True
Is 381381 a multiple of 13?
True
Is 3499824 a multiple of 136?
True
Is 1204739 a multiple of 100?
False
Is 54217 a multiple of 8?
False
Is 7 a factor of 25130?
True
Is 124320 a multiple of 48?
True
Is 11 a facto